d z?
1
Suppose 4*k - 2*k + 3*m = -3, -2*m = -k + 16. Suppose -k = -s + 5. Calculate the greatest common divisor of s and 22.
11
Let j(r) = r**3 - 4*r**2 + 5*r + 4. Let p be 32/8*(0 + 1). Let i be j(p). What is the greatest common factor of i and 3?
3
Suppose 0 = o - 45 - 50. What is the highest common divisor of o and 19?
19
Suppose -5*f + 27 = -3*v + 7, 4*f = -4*v - 16. Let p = v - -12. Calculate the highest common factor of 7 and p.
7
Suppose 12*i + 87 - 2307 = 0. What is the greatest common divisor of i and 37?
37
Suppose 4*u - 4*w = -w + 31, 0 = -5*u - 4*w. Calculate the highest common factor of 4 and u.
4
Suppose -4*h + 5 = h, 4*y + 5*h = 33. What is the highest common factor of y and 1?
1
Let i = 24 + -22. What is the highest common divisor of i and 26?
2
Suppose 0 = -3*j - r + 2*r + 4, -4*j = r - 17. Suppose 0 = -9*o + 6*o + 93. Suppose -4*t = t - 10, o = j*z - t. What is the highest common divisor of 44 and z?
11
Suppose 2*p = 15 + 17. Let m(x) = 8*x + 32. Let i be m(10). What is the highest common divisor of i and p?
16
Let l(v) = v**3 - 8*v**2 + 10*v - 14. Let y be l(7). Calculate the highest common factor of 1 and y.
1
Let n = 6 - 8. Let u be 0*(-3)/(-6) - n. What is the greatest common divisor of 6 and u?
2
Suppose 4*g = -25 + 141. What is the greatest common factor of 319 and g?
29
Let y = -299 - -502. What is the greatest common factor of y and 29?
29
Let n(d) = -2*d - 3. Let v be n(-3). Let q be (9/6)/((-4)/96*-4). Calculate the highest common divisor of q and v.
3
Suppose 6*j - j = 0. Suppose j = -5*m + m + 108. What is the highest common factor of 18 and m?
9
Let z(n) = n**3 + n**2 + n + 2. Let x = 3 - 1. Let u be z(x). Calculate the highest common factor of 112 and u.
16
Let m be (2/5)/((-2)/(-10)). Suppose 0 = 3*g + x - 141, 6*x + 218 = 5*g + m*x. Suppose 414 = -103*b + 109*b. What is the highest common divisor of b and g?
23
Let w = 64 + -131. Let v = 130 + w. Let f(q) = q**3 - 3*q**2 - q - 3. Let l be f(4). Calculate the greatest common divisor of v and l.
9
Let r be 1924/28 + 4/14. Calculate the highest common factor of 46 and r.
23
Let q be (1 - -56) + 1 + -2. Let p = 10 - -14. Let y = -17 + p. What is the highest common factor of q and y?
7
Let z be -1 + (1/(-1) - -4). Suppose j + z*j - 18 = 0. Calculate the highest common divisor of 2 and j.
2
Suppose -q + 3*v + 43 = 0, 3*v - 226 = -5*q + 7*v. What is the highest common divisor of 2 and q?
2
Let v be (3 - -1 - 3) + 4. Let i be (-3)/v - 315/(-25). Calculate the greatest common divisor of i and 36.
12
Let h(m) = 21*m - 6. Let c be h(8). What is the highest common factor of 18 and c?
18
Suppose -5*s + 460 = -0*s. Suppose -b = b - s. Suppose 3*l - b = 158. Calculate the greatest common divisor of l and 17.
17
Suppose -2*r = 3*n - 19, -4*r + 0*r + 29 = 3*n. Let h(t) = t + 10. Let y be h(0). Let a be (210/25)/(4/y). What is the greatest common factor of a and n?
3
Let a = -3 - -4. Let n = -31 - -33. What is the highest common factor of a and n?
1
Let w be ((-2)/8 - -1) + 6012/48. Calculate the highest common divisor of 28 and w.
14
Let o be (2 - -3)/(-2 + 3). Suppose -2*j + 58 = h, o*j = 5*h + 67 + 93. Let c be 7*(1 - (-13)/7). What is the highest common divisor of c and j?
10
Suppose 2*h + 3*z = 6*h - 317, -2*z = 3*h - 242. Let q = 27 - 17. What is the greatest common factor of h and q?
10
Let w(v) = -2*v + 28. Let p be w(12). Let m = 5 - 3. Suppose 0 = -y + m*y - 4. Calculate the highest common divisor of y and p.
4
Let x = -13 - -16. Suppose -3*h - 79 = -2*v, 117 = x*v + 3*h - 6*h. Calculate the highest common divisor of 57 and v.
19
Let p(y) = y**2 - y - 2. Let w be p(5). What is the highest common factor of 72 and w?
18
Let r(w) = -14*w + 7. Let h be r(-5). What is the highest common factor of h and 11?
11
Let j(i) = -13*i - 33. Let a be j(-4). What is the greatest common divisor of 95 and a?
19
Suppose -a = 4*t + 3*a - 20, 5*t + 4*a = 28. What is the greatest common divisor of t and 20?
4
Let f(k) = -12*k**2 - k - 1. Let c = -5 - -4. Let o be f(c). Let l be (5/(-10))/(1/o). What is the highest common divisor of 6 and l?
6
Let t = -149 + 253. Let o(w) = -12*w + 1. Let d be o(-1). What is the highest common divisor of t and d?
13
Suppose 3*n - 2960 = -7*n. What is the highest common factor of n and 37?
37
Suppose -55 + 5 = -5*r. Suppose 0 = -2*b - 2 + r. Suppose b*x = x + 27. Calculate the highest common divisor of 9 and x.
9
Let s be 10/(-5)*21/(-2). Suppose -2*w - 2*w + 12 = 0. Calculate the highest common divisor of s and w.
3
Suppose 0 = -4*i + 6*i - 5*c - 29, 4*c + 22 = i. Let f be (2 - 1) + (0 - i). Let w be (-16)/(-6)*(f + 4). Calculate the highest common divisor of w and 1.
1
Let x(f) = f**2 + 3*f + 6. Let p be x(-6). Calculate the highest common factor of p and 120.
24
Let l(k) = 11*k - 69. Let h be l(9). Calculate the greatest common factor of 6 and h.
6
Let r = -20 - -39. What is the highest common divisor of r and 152?
19
Let j be -1 + 1 + (-2 - -100). Calculate the greatest common factor of j and 14.
14
Suppose -15*j + 20*j - 135 = 0. What is the highest common factor of j and 9?
9
Suppose 5*r - 97 = -3*o, 0*o + 2*r + 70 = 2*o. What is the greatest common divisor of 272 and o?
34
Let b be 12/(-54) - 508/(-18). Suppose 5*k - 1 = 34. What is the highest common divisor of b and k?
7
Suppose 5*d - 3*s = -7*s + 90, 0 = -2*s. Suppose 5*a - 5*x + 145 - 1130 = 0, a = -2*x + 200. What is the highest common divisor of a and d?
18
Let j(y) = -y**2 + 6*y - 5. Let m be j(2). Suppose -6 = 2*q + q - 3*a, -3*q + 5*a = 16. What is the highest common factor of m and q?
3
Suppose 2*u - u + 58 = 3*t, 5*u - 25 = 0. What is the highest common factor of t and 21?
21
Let p(m) = 2*m**2 + 19*m - 1. Let d be p(-10). What is the highest common divisor of d and 72?
9
Let o be (4/((-4)/(-19)))/(-1). Let m = -5 - o. Calculate the highest common factor of 126 and m.
14
Suppose 0 = 4*y - 9*y + 55. Let x be 12/16 - (-66)/8. Let z = y - x. What is the highest common divisor of z and 2?
2
Let s be 2*1*(0 - 1). Let r = 0 - s. Suppose 135 = 3*z + r*z. What is the greatest common divisor of 18 and z?
9
Let t = -1 + 54. Suppose -3*a - 3*g - t = -425, a = 2*g + 115. What is the greatest common divisor of a and 11?
11
Let g(p) = 2*p**2 - 9*p - 8. Let m be g(7). What is the greatest common factor of 9 and m?
9
Let d(x) = x**2 - 3*x - 17. Let s be d(7). Calculate the highest common divisor of 44 and s.
11
Let l(i) = -i**2 + i. Let p(u) = -5*u**2 - 3*u + 1. Let x(z) = -3*l(z) - p(z). Let f be x(1). What is the greatest common divisor of 28 and f?
7
Suppose -4*d + 2*k = -16, -2*d + 2*k = 4*k - 2. Suppose c + d*c - 12 = 0. Suppose u - 9 = c. Calculate the highest common factor of u and 12.
12
Let u = 25 + 42. Suppose 3*o = -5*j + u, 2*o - 66 = -3*j - 25. Let p be (-101)/(-11) - 2/j. Calculate the highest common factor of p and 27.
9
Let d = -5 - -7. Suppose -4*m = -d*j + 110, -4*m + 58 = 4*j - 102. Calculate the highest common factor of j and 5.
5
Let f(p) = -p - 2. Let w be f(-7). Suppose 3*d - 7 = -3*v + 2, -w*v + 36 = -2*d. Suppose 0 = -j + 4*j - 90. What is the greatest common divisor of j and v?
6
Let g(p) = p**3 + 9*p**2 + 4. Let c be g(-9). Let k be c - 29 - 2/2. Let s = k + 39. What is the highest common divisor of 52 and s?
13
Let l be ((351/6)/(-3))/((-15)/20). What is the greatest common factor of l and 39?
13
Let i(s) = 35*s**2. Let k be i(-2). Let x = -197 + 253. What is the highest common factor of x and k?
28
Let g(d) = -10*d**2 + d + 1. Let w be g(-1). Let p be (-15)/(-25) - 564/w. Suppose -6*v + 19 = -5*v. What is the highest common divisor of p and v?
19
Suppose -5*m - 3 + 8 = 0. Suppose 11 = z + m. What is the highest common divisor of z and 10?
10
Suppose 3*j = f - 17, 7 = -5*j - 3*f + 2. Let k be 8/6*(-6)/j. What is the highest common factor of 2 and k?
2
Suppose -4*x - n = 65, -5 = 2*n + 5. Let m = 28 + x. Let i be (-2)/(-8) - 1038/(-8). What is the greatest common factor of m and i?
13
Let y = 26 - -18. Calculate the greatest common factor of y and 22.
22
Suppose 3*v + 0*v - 15 = 0. What is the greatest common divisor of 45 and v?
5
Let c be (0 + -1)*1 + 10. Suppose -4*h - 3*r = 0, -21 = -7*h + 4*h + 3*r. Calculate the highest common divisor of h and c.
3
Let l(f) be the secon